 h be -278 + 0 + (-6 - (-3 - -1)). Let v = -286 - h. Let x(c) = 6*c + 5. Determine x(v).
-19
Suppose 81*t + 18 = -4*r + 83*t, 4*t = -2*r + 16. Let i(a) = 3*a**3 + 2*a**2 + 1. Give i(r).
-15
Let d be 51/15 + 6/(-15). Let r be (1 - -3) + (1/(-1) - 0). Let y(f) = -7*f**3 - f**2 - f + 0 + 1 - r + 6*f**d. Calculate y(2).
-16
Let d(j) = -j**2 + 9*j - 10. Let q be (7 + (-4)/(-2))/1. Give d(q).
-10
Suppose -36*v = -38*v + 4. Suppose 5 = -0*h + h + 2*b, -v*h - 3*b + 9 = 0. Suppose 3*m = 15, 3*n + m - h = -25. Let x(o) = 3*o. Give x(n).
-27
Let j(y) be the first derivative of -y**4/4 + 7*y**3/3 - 5*y**2/2 - 9*y - 2125. Give j(6).
-3
Suppose 35*y - 4 = 33*y. Suppose -3*c - y = -2*z + 18, 4*z = -4*c. Suppose -4*s - m - 4 = 4, -z*s = -4*m - 12. Let x(u) = 9*u**2 - 2*u - 1. What is x(s)?
10
Let c = -828 - -830. Suppose -8*b - c*b = -70. Let t(s) = -3*s + 10. What is t(b)?
-11
Let p(i) = -2*i + 1. Suppose 4*y = -z - 18, y = 4*z + 6 - 2. Let k be p(z). Let u(c) = 0*c**2 + 4*c**2 - 7 + k*c + c**2 - 4*c**2. Give u(-5).
-7
Let k be (16*(-7)/(-448))/(1/(-4)). Let c(a) be the third derivative of -4*a**6/15 + a**5/60 - a**3/6 + 2*a**2. What is c(k)?
32
Let m(k) be the second derivative of k**5/20 + 7*k**4/4 + 25*k**3/6 + 33*k**2/2 - 1164*k - 2. Calculate m(-20).
-67
Suppose -y + 55 = 53. Let x(h) = -1 + 76*h**2 + 54*h**2 - 158*h**y. Determine x(-1).
-29
Let v = -6332 + 6346. Let s(d) = -d**3 + 15*d**2 - 15*d + 18. Calculate s(v).
4
Let d(x) = -x**3 + x - 1. Let m = -7735 + 7733. What is d(m)?
5
Let l(k) = -3*k + 22. Let c(h) = -8*h + 45. Let g(b) = -2*c(b) + 5*l(b). Determine g(-10).
10
Let f(z) = -2*z**3 - z**2 - z - 1. Let d be f(-1). Let t be 7 - ((-3)/d + 8). Let x(q) = q**2 - 2*q + 3. Determine x(t).
3
Let d(s) be the third derivative of s**5/30 + s**4/3 + s**3/3 + 1709*s**2. Give d(-5).
12
Let y(v) = -8*v - 1. Suppose -15*z + 18*z - 2*c - 24 = 0, -5*c = 0. Suppose 25*j - z*j + 51 = 0. What is y(j)?
23
Let q(p) = 10*p + 8. Let l(o) = 35*o + 138. Let h be l(-4). What is q(h)?
-12
Let b(a) = 3*a + 87. Let c = -25014 - -24990. Calculate b(c).
15
Let a = 6 - 4. Let q(z) = -29*z + 198. Let u be q(7). Let f be 4 + (-2 - (u + (3 - a))). Let i(n) = n - 14. Give i(f).
-8
Let i(a) = -a**3 + 6*a**2 + 136*a - 2. Let g be i(15). Let n(m) = -5*m + 52. Calculate n(g).
-13
Let r be (18/(-4))/(-3)*(-10 + -27 + 33). Let f(q) = -q**3 - 5*q**2 - q - 2. Determine f(r).
40
Let c(k) = -25 - 37 - 6*k**2 - 5*k + 73 - k - k**3 + 4*k. What is c(-5)?
-4
Let p(h) = -h**3 + 10*h**2 + 10*h + 10. Let d(m) = 9*m**2 - 2*m**2 - 1 - 7*m**3 + 4*m + 8*m**3. Let w(t) = 2*t - 8. Let o be w(1). Let x be d(o). What is p(x)?
-1
Let l(w) be the second derivative of -35*w**3/6 - 51*w**2 - 10442*w. What is l(-3)?
3
Let r(d) = 1. Let n(a) = -a**2 + 5*a - 2. Let q = 155 - 156. Let t(k) = q*n(k) + 4*r(k). Let y = -8 + 13. Give t(y).
6
Let y(r) = -2*r**2 - r - 16. Let f(p) = 6*p**2 + 2*p + 52. Let w(n) = -6*f(n) - 19*y(n). Calculate w(4).
52
Let z(g) be the first derivative of -4*g - 8 + 5/2*g**2. What is z(3)?
11
Let q(g) = 2*g - 10. Let k(u) = -2*u - 8. Let l(v) = -v - 4. Let t(s) = -3*k(s) + 5*l(s). Let c be t(6). Suppose -13*r + 21 = -c*r. Give q(r).
4
Let b(v) be the second derivative of -v**3/2 + 9*v**2/2 - 268*v. Determine b(6).
-9
Let h(x) be the second derivative of -2*x**3/3 + x**2/2 - 533*x. Let m(r) = -r**2 + 2*r - 2. Let l be m(4). Let v be (8/l)/((-2)/5). Determine h(v).
-7
Let i(v) = 4*v + 2. Let u = -330 - -328. Let b be -6 - (-4 + u) - 4. Give i(b).
-14
Let s(t) = -t**2 - 6*t + 1. Suppose 0*w - 2214 = -3*w. Let r = w - 744. Give s(r).
1
Let t be (1 + (-3)/3)*(49 - 48). Let h(n) = n - 58. Give h(t).
-58
Let g = -2 + 9. Let u(l) = 5*l**2 - 5 + 0*l**2 + g*l - 4*l + l**3. Suppose -30*i - 160 = 10*i. Calculate u(i).
-1
Let d(f) = -31*f - 40. Let r be d(9). Let n = r - -306. Let l(k) = -k**2 - 13*k + 1. Determine l(n).
1
Let y be (-3 - -3)/(0 - -1). Let z(t) = -178623 + 41*t + 178638 - 40*t. Give z(y).
15
Let q(c) = -c**3 - c - 10. Suppose -4*n - 21 = -7*n. Let f be (-1 + (-14)/n)/((-1)/(-1)). Let k be 2/f + (65/(-15) - -5). Determine q(k).
-10
Let k(z) be the second derivative of -z**4/12 - 11*z**3/6 - 11*z**2/2 + 63*z + 16. Calculate k(-10).
-1
Let n(v) = v + 1 - 3*v**3 - 3*v + v**3 + 2*v**2. Let g(m) be the first derivative of -m**3/3 + 11*m**2/2 + 28*m + 45. Let r be g(13). Determine n(r).
-11
Let v = -5158 + 5131. Let p(t) = -t**2 - 22*t + 146. What is p(v)?
11
Let r(s) = -s**2 - 2*s + 3. Let w(p) = -p - 3. Let q = 15 - -9. Let k(b) = b - 24. Let c be k(q). Let z be w(c). Determine r(z).
0
Let x(h) = -78*h - 42. Let f(o) = -20*o - 9. Let t(w) = -9*f(w) + 2*x(w). Give t(2).
45
Let a = -86 - -86. Let g(t) = 13*t**3 + 0*t - 6*t**2 + a*t - 2 + 8*t - 14*t**3. Determine g(-7).
-9
Let g(q) = 7*q**3 - 3*q**2 - 4*q - 1. Suppose 5*d - 1 = -107*f + 108*f, f + 1 = -4*d. Calculate g(f).
-7
Let b be 3/(9/3) + -1. Suppose 2*t = -4*s + 6, -t + 5*s - 2 - 16 = b. Let n(z) = -19*z - 3*z - 21*z + 37*z + 34*z - 24*z. Calculate n(t).
-12
Suppose 2*u + 5*n + 14 = u, 0 = u + n + 2. Let k(c) = c**2 - 2260*c**3 - 2243*c**3 + 4516*c**3. Determine k(u).
14
Let o(y) = -9 - 8*y - y**2 - y**2 - 2*y**2 + 3*y**2. Let h(c) = c**3 + 12 - 7*c + 6 + 0*c**3 + 9*c**2 + 6. Let d be h(-10). Calculate o(d).
3
Let c(p) be the third derivative of p**5/60 - 3*p**4/8 - 3*p**3/2 - p**2. Let j be (13 - (-2 - 3)) + (12 + 4)/(-2). Give c(j).
1
Let h be ((-2)/6 + 0)/(19 - 6870/360). Let d(o) = o**3 - 6*o**2 - 5. Let w(b) = -2*b**3 + 13*b**2 + 10. Let c(g) = 5*d(g) + 2*w(g). What is c(h)?
-5
Let c(g) = 13*g**2 - 29. Let b(k) = -15*k**2 - k + 29. Let n(a) = -6*b(a) - 7*c(a). Give n(10).
-11
Let u(r) = 7*r + 19. Let o be u(-2). Suppose -6*d - o*d + 22 = 0. Let l = d + -5. Let w(j) = -j**3 - 3*j**2 + 2*j - 2. Determine w(l).
-8
Suppose -64 = y - 2*o, -y = 3*y + 2*o + 256. Let d be y/(-24)*6/4. Let a(v) = 26*v + 27*v - 52*v + 1 - 4. Calculate a(d).
1
Let j(h) be the second derivative of -1 - 1/2*h**2 - 7*h - 1/6*h**3 + 1/20*h**5 + 7/12*h**4. Give j(-7).
6
Let l(n) = -14 - 45*n**2 + 13*n - n**3 + 109*n**2 + 2*n**3 - 54*n**2 - 2*n**3. Let x be -1 + (-2 - -2*7). What is l(x)?
8
Let m(t) = -159*t**2 + 9*t**3 + 12 + 163*t**2 - 8*t**3 + 7*t. Determine m(-3).
0
Let n = -121 + 120. Let p(s) be the second derivative of 0 + 1/2*s**3 - 1/2*s**2 + 3*s. Determine p(n).
-4
Let l(x) be the second derivative of x**4/4 + 10*x**3/3 - 2*x**2 + 966*x. Calculate l(-9).
59
Suppose 2*w - 18*y - 28 = -14*y, 5*w = -3*y + 122. Let t(z) = 13*z + w*z - 31*z. What is t(2)?
8
Let v be 2 - (-7 + 3) - (-1 - -7). Let h(l) = -29 + 6 + 2*l + 8 + 16 + 9. Determine h(v).
10
Let a(l) = -4*l. Let q(j) = 4*j**2 + 7*j + 2. Let p be q(-2). Suppose 0 = 3*o - 9*v + p*v + 6, 2*v = 4*o - 6. Calculate a(o).
-12
Let k(v) = -402*v - 2403. Let b be k(-6). Let p(h) = -16*h + 138. What is p(b)?
-6
Suppose 7*h = -5*h + 24. Let g(f) = 16*f**2 + 17*f**2 - 57*f**2 + 18*f**2 + 1 - 2. What is g(h)?
-25
Let s(d) = d**3 + 4*d**2 - 7*d + 2. Suppose -h - 41 = -6*k, 0 = h + 3*k - 17 + 4. Calculate s(h).
12
Let q(n) = 51*n + 958. Let g be q(-19). Let x(j) = 3*j**2 + 32*j - 20. Give x(g).
-9
Let g = 10 - 14. Let s be (-8)/(-6)*(-6)/g. Let a(p) = -3*p - 4*p**2 + 7 + 9 + 13 + 5*p**2 - 28. What is a(s)?
-1
Let f be 183/305*20/6. Let w(i) = -22*i - 3. Let j(d) = -33*d - 5. Let l(m) = 5*j(m) - 8*w(m). What is l(f)?
21
Let f(a) = a**3 + 5*a**2 - 7*a + 1. Let b be f(-6). Let k(l) = l**2 + 24*l - 48. Let s be k(-26). Let w(y) = 15 - 12 + 7*y**2 + s - y**3. What is w(b)?
7
Let i(k) be the first derivative of -7*k**2/2 + 96*k - 1423. Calculate i(15).
-9
Let h(m) be the third derivative of m**6/360 + 7*m**5/120 - m**4/24 - 7*m**3/6 - 15*m**2. Let y(k) be the first derivative of h(k). Calculate y(-9).
17
Suppose 6*d = 3*v + 5*d + 2, 4*d = 4*v. Let w be (-10)/v*(-1)/2. Let g(l) = l**3 + 5*l**2 - l + 6. Give g(w).
11
Suppose -s = -5, -2*p - 3*s + 8*s - 25 = 0. Let w be 1/(2 + 5/(-3)). Suppose p = -y + 4*g + 7, 12 = 2*y + y - w*g. Let f(j) = -5*j + 4. Calculate f(y).
-11
Let y(g) be the first derivative of -130 + 1/2*g**2 - 6*g. Give y(5).
-1
Let t(q) = 16 - 189*q + 188*q - q**3 - 16 - 3*q**2. Let z = 2 - -11. Let k = z + -16. Calculate t(k).
3
Let n(p) = p**3 - 4*p**2 + 3*p - 2. Suppose 5 = -4*q + 5*q, -5*l + 15 = -3*q. 